lculate (2 - 0) + 0 + 0 - (333 + -351).
20
What is the value of -20 + 8 - (12 - 31)?
7
Evaluate 0 + 14 - 4 - (2 - 3 - 6).
17
What is -2 - (21 + -13) - -18?
8
Calculate 0 + -27 - (-1416 + 1402).
-13
-5 + (-5 - (-26 - -11))
5
What is -7 - (25 + -12 + 6)?
-26
What is -2 + (12 - 8) + -3 + 6?
5
What is -16 + (-23 - -36) - -22?
19
0 + -16 - (-53 - -35)
2
What is (-15 - 6) + 9 + 0 + 14?
2
What is the value of -188 + 180 - (-15 - -1)?
6
What is the value of (1 - -22) + (-8 - 4) + (-4 - 4)?
3
What is (2 - -43) + (118 - 141)?
22
(-1 - 12) + 100 + -98 + 0 + -5
-16
-41 + 46 + 2 + 0 - 17
-10
What is -29 + (6 - -1 - -38)?
16
Calculate -7 - (-27 - (3 - (-9 - -14 - 3))).
21
What is 12 - 23 - (-9 + 5 + -5)?
-2
9 + (-17 - -8) - (9 + -2)
-7
Calculate -13 - (-2 + -11) - -11.
11
Calculate (-3 - 4) + (4 - -10) + -9 + 7.
5
What is the value of 6 + (17 - 8) + (-2 - 5)?
8
Evaluate 0 + -6 + (14 - 6) + 10.
12
Evaluate -5 + (-6 - (-1 - 5)) + -5 + 18.
8
What is the value of -28 + 13 + -4 + 14?
-5
-2 + -17 + (44 - 16)
9
Evaluate 7 - (-3 + 3 + 5 + -4 + -6).
12
Evaluate -10 + 3 - (-3 + 4 - -11).
-19
(-27 - (-3 + 4)) + (30 - 41 - -3)
-36
What is -13 - ((9 - -8) + -28)?
-2
What is the value of 14 - (18 + -5 + 8 + -3 + -9)?
5
What is the value of -1 + -2 - ((-19 - (23 + -8)) + 16)?
15
What is 30 + -17 + 15 + -13?
15
Calculate -10 + (7 - 19) + (-18 - -20).
-20
Calculate 18 - (17 + -6) - -12.
19
What is (-2 - 4) + 129 + -121?
2
Evaluate 5 + 0 + 0 + (-5 - -26 - 21).
5
-12 + -1 + 7 + 12 + -4
2
What is 8 + (-1 + (-4 - 7) - (9 - 14))?
1
Evaluate 3 + (2 + -1 - 13).
-9
Evaluate -6 + -7 + (2 - (0 - -1) - -2).
-10
0 + 1 + -9 + 49 + -67
-26
9 + 18 + 29 + -28
28
Calculate (-10 - -23) + -14 + 13.
12
What is the value of -8 + -5 + 1 - (-8 - (2 - 5))?
-7
Calculate -3 + 1 - (2 + -21) - (639 + -646).
24
What is the value of 68 + -40 - 29 - (0 + -4)?
3
Evaluate 4 + -1 + (-668 - -694).
29
What is the value of (1 - 4) + (16 - (-5 + 15)) + -16?
-13
What is the value of -2 - (11 + 11 + -15)?
-9
14 + 2 + (-12 - (-53 - -41))
16
What is the value of -16 + 3 + (-8 + 8 - (2 - 3))?
-12
What is -2 + (7 - 0) + (19 - 48) + 15?
-9
What is (173 - 169) + (-4 + 1 - -2) + 9?
12
Calculate -2 + -14 - (-1 - (-1 + 9) - -7).
-14
What is 5 - (2 + -4 + 5 + -3 - -6)?
-1
Calculate 1 + 8 + 3 - 8 - (-2 - 6).
12
What is -2 + -18 + 17 + (-2 - -20)?
15
What is the value of -124 - -121 - (2 - 10)?
5
Calculate (-4 + 3 - 13) + (-8 + 4 - -11).
-7
21 - ((-19 - -30) + (0 - 7)) - 1
16
Evaluate 25 - (3 + -2 + -5 - 9).
38
What is 15 - 5 - (-7 + (15 - 9) - 3)?
14
Evaluate -13 - (1 + -2) - (-51 - -37).
2
What is (-10 - 1) + 45 + -29 - 21?
-16
Evaluate -21 - (22 + -11 - (2 + 15)).
-15
What is the value of -23 + 11 + 0 - -12 - 3?
-3
What is the value of (-2 - 16 - (-15 - -10)) + 8 - 9?
-14
Calculate 9 + -19 + 12 + 18.
20
2 + -5 + (1 - 1)
-3
What is (-2 - 15) + (17 - 26) + (-6 - -23)?
-9
What is -8 + (-12 - (18 + -39)) + 6?
7
4 - (16 - (15 + (-28 - -17)))
-8
-21 + (0 + -9 - (-43 - (-32 - -6)))
-13
Evaluate 2 + 22 + -1 + 10 + 4 + -20.
17
Evaluate 21 + -4 + 26 + -24 + (0 - 0).
19
What is the value of (-17 - -5 - (-7 + -11)) + -6 + 2?
2
Calculate 3 + (10 - (-4 - -7)) + 1 + 0.
11
Calculate 0 - (-14 - (-15 + 7) - -13 - 7).
0
Evaluate 6 + -15 - (5 + 18 + -10 + -7).
-15
What is the value of 5 - ((7 + -2 - (-15 - -19)) + 2)?
2
13 - (-17 + (-3 - -46))
-13
Evaluate -18 - (-33 + 26 + -16).
5
What is -2 + 0 + 80 + -87?
-9
What is -4 + (-12 - (-5 - (4 + (-8 - -5))))?
-10
Calculate 16 - (6 - 5 - ((1 - 1) + -4)).
11
Calculate (-1 - -1) + 39 + -10 + -31.
-2
What is 6 - ((3 - (0 - 2)) + (10 - 4))?
-5
What is the value of 9 + (-11 - (-9 + 6))?
1
Calculate (-10 - -9 - (-6 - -1)) + -8 + 0.
-4
What is the value of -25 + -14 + 27 + (-1 - -7) + 20?
14
-12 + (26 + 1 - 10)
5
5 - (-9 - (-3 + -3 + 0))
8
What is the value of 1 - (5 + 0 + -6 - (1 + -3))?
0
What is the value of (2 + 0 - (-3 - 0)) + (16 - 8)?
13
What is the value of (-3 - -15) + 2 + 0 - (1288 + -1284)?
10
What is the value of -4 + 16 + (-2 - (0 - -5)) + -11?
-6
What is the value of (-413 - -419) + (0 - 1)?
5
11 - 3 - (40 - (24 + 0))
-8
-18 + 7 + 10 + 6 + -10 - -14
9
What is -8 - 0 - -15 - 10?
-3
Calculate 5 + 0 + -6 + (-3 - -15).
11
Calculate -14 + (4 - 1) - (5 - 11).
-5
Calculate -1642 - -1636 - (-1 + 1 + -1 + 2).
-7
3 + 6 + 157 + -157
9
Calculate (6 - (9 - 0)) + 8 + 10.
15
-16 - (-5 + -32 - -31)
-10
What is the value of 34 + (-18 - ((9 - -4) + -11)) + 9?
23
What is the value of (-1 - 8) + -427 + 444 - (3 - 2)?
7
What is (-97 - (-58 + -26)) + (-1 - (1 + -1))?
-14
What is 17 + -1 + (8 - (4 + 4 + 5))?
11
Evaluate (0 + 8 - 12) + 8 + 15.
19
-5 - (-4 - (13 + -9))
3
Calculate -8 - (-59 - (-74 - -42)).
19
What is 4 + -5 + 0 + (8 - (8 + -2))?
1
Calculate -12 + (15 - (14 + 10 - -2)).
-23
(0 - 10) + -335 + 317
-28
What is 290 + -308 - (1 - 1)?
-18
118 - 105 - (5 - 8)
16
What is the value of -35 + 1 + -1 + -11 + 56 + -38?
-28
-46 + -3 + 41 + -10 + -18
-36
Evaluate (62 - 18 - 19) + -19.
6
Calculate -16 - (-10 + (-18 + 4 - -9 - -5)).
-6
Calculate -23 - (8 - 18) - (-3 + -9).
-1
What is the value of -23 + (-11 - -10) - -24 - (1 + -21)?
20
Evaluate (-3 - -24) + -12 - (-5 + -8 + 3).
19
What is the value of (9 + 6 - 5) + -19?
-9
5 - (6 + -5) - 6 - 2 - 5
-9
What is 29 + -25 - -5 - (1 + 4)?
4
(27 - 35) + -13 - -36
15
Calculate 16 + 0 - (8 + -5 + (0 - -1)).
12
What is 11 + 1 - (-111 + 115)?
8
Evaluate -4 - (8 - (-7 + 14)).
-5
Evaluate -8 - (-15 + 1 - (-24 + 32 + -7)).
7
What is the value of (4 - 3) + 14 + -17 - (33 + -3)?
-32
Evaluate (0 - -1) + -1 + -1 - (-17 - -4).
12
-5 + -4 + -20 + 20 + -3
-12
Calculate -9 - (-43 + 5) - 4.
25
Evaluate (0 + -14 - -15) + 8.
9
-5 - 6 - -8 - (4 - 19 - -3)
9
-31 + 47 + -6 + -8 - (-1 + 13)
-10
What is the value of 15 + -23 - (25 + -23 + 11)?
-21
Evaluate 4 + 15 + -25 + -9.
-15
Calculate (-1 - (4 + -12 - 5)) + 4.
16
Evaluate -3 - (-2 + -4 - (-4 + 28 + -7)).
20
34 - (6 - (-1 + -4 + 17 + 0))
40
Calculate 2 + -2 + 0 + 7 + -5 + -1.
1
What is (3 - (40 - 19)) + 35?
17
What is (-2 - -12) + -125 + 122?
7
What is -11 - (-18 - (25 - 35))?
-3
Evaluate 21 + -14 + 1 + 10 + 3.
21
What is 2 + 0 + (-32 + 18 - (-14 - -1))?
1
Calculate (18 - 38 - -8) + 10 + 0.
-2
Calculate 11 + 12 + -36 + 5 - -9.
1
Calculate -4 + (-11 + (2 - -10) - 9).
-12
Evaluate 7 + -31 - (0 + -11).
-13
What is the value of (-19 - -10) + (1 + -6 - 3)?
-17
What is the value of (2 + 5 - (12 - 6)) + 0 - -2?
3
Evaluate (35 - (2 + 7)) + (5 - 15).
16
What is 25 - ((-18 - -26 - 10) + 12)?
15
Calculate -12 - (96 + -104 - (-20 - 2)).
-26
Calculate -7 - (2 + -4 - 9 - 2) - -16.
22
(12 - 2 - (4 - -2) - 2) + -5
-3
Evaluate 1 + 5 + (0 - -1) + -6326 + 6341.
22
What is 6 + 0 + (11 - 4 - 6 - 7)?
0
Calculate 21 - (-17 + 28 + 21).
-11
Evaluate 8 - (-27 + 6 - -36).
-7
What is 0 + -18 + (9 - 9) - (-20 + 31)?
-29
What is -2 - (6 + (-28 - (8 + -18)) - 7)?
17
-30 + (37 - -35) + -62
-20
Calculate (-10 - (-7 - -1 - -3)) + 26 + -12.
7
(9 - 10) + (2 - (14 - 8))
-5
Calculate (8 - ((1 - -2) + -14 + 7)) + -2.
10
Evaluate -7 + (33 + -7 - 24) + (0 - -37).
32
Calculate -12 + 3 + 18 + 15.
24
(3 + -10 - 1 - -37) + (-5 - 1)
23
Evaluate -23 + (-7 + 29 - -15).
14
-8 - (-64 + 78 + 0 + 1)
-23
What is the value of 13 - (8 + 13) - -15?
7
What is 8 - (2 + -6 + 7)?
5
Calculate 10 - (-120 + 142 - (-1 + 7)).
-6
What is the value of 27 + 0 + 2 - (0 + 12)?
17
3 + 1 + 0 - (-14 - -11)
7
Calculate 1 + -12 - ((-5 - -6) + -6 - -3).
-9
Evaluate 17 + -8 + -7 - (7 + -5).
0
-10 - (-10 + -11 + (-7 - -8))
10
3 - (-11 + (8 - (15 + -9)))
12
-6 - (-6 + 0 + (12 - 0))
-12
2 + 11 - 14 - (1 + 0 + -4)
2
What is the value of -1 + 0 + -211 + 228 + (1 - 14)?
3
Evaluate (-12 - (-44 + 63)) + -5.
-36
-1 + (13 - -1) + -4 + (-4 - 1)
4
What is 27 + -41 - (21 - 15)?
-20
What is (-9 - ((3 - 3) + -10) - -5) + 10?
16
What is the value of -39 + -9 + (101 - 25)?
28
What is the value of 42 + 12 + -61 + 22?
15
What is 0 - (0 - 2 - (136 + -145))?
-7
-12 - (-1 - (3 - (5 - 9)))
-4
What is the value of -11 - 0 - (4 + -39 + 20)?
4
9 + 0 + -15 - (1 + 0 + -14)
7
Calculate -5 + ((-3 - -8) + -2 - 8) - -7.
-3
Evaluate 1 - (-6 + 16 + 0).
-9
What is the value of 1 + 2 - (-23 - -6 - -34)?
-14
33 - (26 + (6 - 3))
4
Evaluate (-6 - (-21 + 25)) + 27.
17
What is the value of 28 + -12 - (21 + 7 + 0)?
-12
Calculate -2 + 1 + 0 - (187 + -191